{"id":20,"date":"2021-10-03T16:11:39","date_gmt":"2021-10-03T16:11:39","guid":{"rendered":"http:\/\/musse-fotografie.de\/?page_id=20"},"modified":"2026-03-10T10:20:43","modified_gmt":"2026-03-10T10:20:43","slug":"ueber-mich","status":"publish","type":"page","link":"http:\/\/musse-fotografie.de\/","title":{"rendered":"\u00dcber Mich"},"content":{"rendered":"\n<hr class=\"wp-block-separator has-css-opacity is-style-default\"\/>\n\n\n<div class=\"wp-block-image is-style-rounded\">\n<figure class=\"aligncenter size-large\"><img fetchpriority=\"high\" decoding=\"async\" width=\"683\" height=\"1024\" src=\"http:\/\/musse-fotografie.de\/wp-content\/uploads\/2022\/11\/Chris_25-1-683x1024.jpg\" alt=\"\" class=\"wp-image-249\" srcset=\"http:\/\/musse-fotografie.de\/wp-content\/uploads\/2022\/11\/Chris_25-1-683x1024.jpg 683w, http:\/\/musse-fotografie.de\/wp-content\/uploads\/2022\/11\/Chris_25-1-200x300.jpg 200w, http:\/\/musse-fotografie.de\/wp-content\/uploads\/2022\/11\/Chris_25-1-768x1151.jpg 768w, http:\/\/musse-fotografie.de\/wp-content\/uploads\/2022\/11\/Chris_25-1-1025x1536.jpg 1025w, http:\/\/musse-fotografie.de\/wp-content\/uploads\/2022\/11\/Chris_25-1-1367x2048.jpg 1367w, http:\/\/musse-fotografie.de\/wp-content\/uploads\/2022\/11\/Chris_25-1-scaled.jpg 1709w\" sizes=\"(max-width: 683px) 100vw, 683px\" \/><\/figure>\n<\/div>\n\n\n<blockquote class=\"wp-block-quote has-text-align-center is-style-large is-layout-flow wp-block-quote-is-layout-flow\">\n<p>&#8222;Augenblicke und Emotionen machen meine Fotos zu etwas besonderem&#8220;<\/p>\n<cite>\u2014 Christian Musse, Fotograf<\/cite><\/blockquote>\n\n\n\n<hr class=\"wp-block-separator has-css-opacity is-style-default\"\/>\n\n\n\n<p><\/p>\n\n\n\n<h3 class=\"wp-block-heading alignwide has-large-font-size\" style=\"line-height:1.1\">Einen besonderen Moment f\u00fcr die Ewigkeit festzuhalten und diesen zu veredeln ist eine ganz besondere Herausforderung der ich mich verschrieben habe. <\/h3>\n\n\n\n<p>Mein Name ist Chris Musse ich bin 41 Jahre alt, ich lebe in Stuttgart und arbeite nebenberuflich aus Leidenschaft als Event &amp; Hochzeitsfotograf. Vom ersten Kontakt bis hin zur Abgabe eurer Hochzeitsbilder, ich biete euch meine professionelle Begleitung f\u00fcr euren sch\u00f6nsten Tag im Leben an.<\/p>\n\n\n\n<p>Mit dem richtigen Blickwinkel und der perfekten Beleuchtung und mit viel Liebe zum Detail entstehen wundervolle Bilder. Ich m\u00f6chte vor allem, dass ihr euch an eurem Hochzeitstag fallen lassen k\u00f6nnt und einfach Spa\u00df habt, wenn wir gemeinsam eure sch\u00f6nsten, emotionalsten Momente festhalten!<\/p>\n\n\n\n<p><\/p>\n\n\n<div class=\"wp-block-image\">\n<figure class=\"aligncenter size-large\"><img decoding=\"async\" width=\"683\" height=\"1024\" src=\"http:\/\/musse-fotografie.de\/wp-content\/uploads\/2022\/11\/Chris_61-1-1-683x1024.jpg\" alt=\"\" class=\"wp-image-260\" srcset=\"http:\/\/musse-fotografie.de\/wp-content\/uploads\/2022\/11\/Chris_61-1-1-683x1024.jpg 683w, http:\/\/musse-fotografie.de\/wp-content\/uploads\/2022\/11\/Chris_61-1-1-200x300.jpg 200w, http:\/\/musse-fotografie.de\/wp-content\/uploads\/2022\/11\/Chris_61-1-1-768x1151.jpg 768w, http:\/\/musse-fotografie.de\/wp-content\/uploads\/2022\/11\/Chris_61-1-1-1025x1536.jpg 1025w, http:\/\/musse-fotografie.de\/wp-content\/uploads\/2022\/11\/Chris_61-1-1-1367x2048.jpg 1367w, http:\/\/musse-fotografie.de\/wp-content\/uploads\/2022\/11\/Chris_61-1-1-scaled.jpg 1709w\" sizes=\"(max-width: 683px) 100vw, 683px\" \/><\/figure>\n<\/div>\n\n\n<p><strong>Das erste Kennenlernen:<\/strong><\/p>\n\n\n\n<p>Ihr k\u00f6nnt mich direkt als Fotograf in Stuttgart oder in ganz Baden W\u00fcrttemberg f\u00fcr eure Hochzeiten und Events buchen. Bei einem unverbindlichen Kennenlerngespr\u00e4ch k\u00f6nnen wir euren sch\u00f6nsten Tag planen, ein kurzes Probeshooting machen und alle offenen Fragen kl\u00e4ren und schauen, ob die Chemie zwischen uns stimmt.Gerne biete ich auch ein erstes online Kennenlerngespr\u00e4ch an. Mir ist wichtig, dass wir uns verstehen und ihr vertraut, denn euer einzigartiger Tag sollte in guten H\u00e4nden sein!<\/p>\n\n\n\n<p><strong>Meine Stundenpakete<\/strong><\/p>\n\n\n\n<p>Als Fotograf biete ich verschiedene Pakete f\u00fcr eure Hochzeit an. Angefangen beim Paarshooting bis hin zur Ganztagesbegleitung ist alles dabei. Nat\u00fcrlich kann ich auch besondere W\u00fcnsche ber\u00fccksichtigen und euch ein individuelles Pauschalangebot machen.<\/p>\n\n\n\n<ul class=\"wp-block-list\">\n<li>Pers\u00f6nliche Beratung + Kurzes Probeshooting (z.B. beim Kennenlerngespr\u00e4ch) * Paarshooting<\/li>\n\n\n\n<li>Eventfotografie (An der Hochzeit werde ich das Geschehen stets unauff\u00e4llig und diskret festhalten)<\/li>\n\n\n\n<li>Bearbeitete Fotos, Retusche von allen Fotos (Belichtung, Farbe, Sch\u00e4rfe und Kontrast) * USB-Stick mit allen Fotos * Fotovertrag<\/li>\n<\/ul>\n\n\n\n<p><\/p>\n\n\n\n<p><\/p>\n\n\n\n<p><\/p>\n\n\n\n<p><\/p>\n","protected":false},"excerpt":{"rendered":"<p>&#8222;Augenblicke und Emotionen machen meine Fotos zu etwas besonderem&#8220; \u2014 Christian Musse, Fotograf Einen besonderen Moment f\u00fcr die Ewigkeit festzuhalten und diesen zu veredeln ist eine ganz besondere Herausforderung der ich mich verschrieben habe. Mein Name ist Chris Musse ich bin 41 Jahre alt, ich lebe in Stuttgart und arbeite nebenberuflich aus Leidenschaft als Event &amp; Hochzeitsfotograf. Vom ersten Kontakt [&hellip;]<\/p>\n","protected":false},"author":1,"featured_media":0,"parent":0,"menu_order":0,"comment_status":"closed","ping_status":"closed","template":"","meta":{"_eb_attr":"","footnotes":""},"class_list":["post-20","page","type-page","status-publish","hentry"],"jetpack_sharing_enabled":true,"_links":{"self":[{"href":"http:\/\/musse-fotografie.de\/index.php?rest_route=\/wp\/v2\/pages\/20","targetHints":{"allow":["GET"]}}],"collection":[{"href":"http:\/\/musse-fotografie.de\/index.php?rest_route=\/wp\/v2\/pages"}],"about":[{"href":"http:\/\/musse-fotografie.de\/index.php?rest_route=\/wp\/v2\/types\/page"}],"author":[{"embeddable":true,"href":"http:\/\/musse-fotografie.de\/index.php?rest_route=\/wp\/v2\/users\/1"}],"replies":[{"embeddable":true,"href":"http:\/\/musse-fotografie.de\/index.php?rest_route=%2Fwp%2Fv2%2Fcomments&post=20"}],"version-history":[{"count":14,"href":"http:\/\/musse-fotografie.de\/index.php?rest_route=\/wp\/v2\/pages\/20\/revisions"}],"predecessor-version":[{"id":568,"href":"http:\/\/musse-fotografie.de\/index.php?rest_route=\/wp\/v2\/pages\/20\/revisions\/568"}],"wp:attachment":[{"href":"http:\/\/musse-fotografie.de\/index.php?rest_route=%2Fwp%2Fv2%2Fmedia&parent=20"}],"curies":[{"name":"wp","href":"https:\/\/api.w.org\/{rel}","templated":true}]}}

Über Mich

<hr class="wp-block-separator has-css-opacity is-style-default"/>


<div class="wp-block-image is-style-rounded">
<figure class="aligncenter size-large"><img fetchpriority="high" decoding="async" width="683" height="1024" src="http://musse-fotografie.de/wp-content/uploads/2022/11/Chris_25-1-683x1024.jpg" alt="" class="wp-image-249" srcset="http://musse-fotografie.de/wp-content/uploads/2022/11/Chris_25-1-683x1024.jpg 683w, http://musse-fotografie.de/wp-content/uploads/2022/11/Chris_25-1-200x300.jpg 200w, http://musse-fotografie.de/wp-content/uploads/2022/11/Chris_25-1-768x1151.jpg 768w, http://musse-fotografie.de/wp-content/uploads/2022/11/Chris_25-1-1025x1536.jpg 1025w, http://musse-fotografie.de/wp-content/uploads/2022/11/Chris_25-1-1367x2048.jpg 1367w, http://musse-fotografie.de/wp-content/uploads/2022/11/Chris_25-1-scaled.jpg 1709w" sizes="(max-width: 683px) 100vw, 683px" /></figure>
</div>


<blockquote class="wp-block-quote has-text-align-center is-style-large is-layout-flow wp-block-quote-is-layout-flow">
<p>&#8222;Augenblicke und Emotionen machen meine Fotos zu etwas besonderem&#8220;</p>
<cite>— Christian Musse, Fotograf</cite></blockquote>



<hr class="wp-block-separator has-css-opacity is-style-default"/>



<p></p>



<h3 class="wp-block-heading alignwide has-large-font-size" style="line-height:1.1">Einen besonderen Moment für die Ewigkeit festzuhalten und diesen zu veredeln ist eine ganz besondere Herausforderung der ich mich verschrieben habe. </h3>



<p>Mein Name ist Chris Musse ich bin 41 Jahre alt, ich lebe in Stuttgart und arbeite nebenberuflich aus Leidenschaft als Event &amp; Hochzeitsfotograf. Vom ersten Kontakt bis hin zur Abgabe eurer Hochzeitsbilder, ich biete euch meine professionelle Begleitung für euren schönsten Tag im Leben an.</p>



<p>Mit dem richtigen Blickwinkel und der perfekten Beleuchtung und mit viel Liebe zum Detail entstehen wundervolle Bilder. Ich möchte vor allem, dass ihr euch an eurem Hochzeitstag fallen lassen könnt und einfach Spaß habt, wenn wir gemeinsam eure schönsten, emotionalsten Momente festhalten!</p>



<p></p>


<div class="wp-block-image">
<figure class="aligncenter size-large"><img decoding="async" width="683" height="1024" src="http://musse-fotografie.de/wp-content/uploads/2022/11/Chris_61-1-1-683x1024.jpg" alt="" class="wp-image-260" srcset="http://musse-fotografie.de/wp-content/uploads/2022/11/Chris_61-1-1-683x1024.jpg 683w, http://musse-fotografie.de/wp-content/uploads/2022/11/Chris_61-1-1-200x300.jpg 200w, http://musse-fotografie.de/wp-content/uploads/2022/11/Chris_61-1-1-768x1151.jpg 768w, http://musse-fotografie.de/wp-content/uploads/2022/11/Chris_61-1-1-1025x1536.jpg 1025w, http://musse-fotografie.de/wp-content/uploads/2022/11/Chris_61-1-1-1367x2048.jpg 1367w, http://musse-fotografie.de/wp-content/uploads/2022/11/Chris_61-1-1-scaled.jpg 1709w" sizes="(max-width: 683px) 100vw, 683px" /></figure>
</div>


<p><strong>Das erste Kennenlernen:</strong></p>



<p>Ihr könnt mich direkt als Fotograf in Stuttgart oder in ganz Baden Württemberg für eure Hochzeiten und Events buchen. Bei einem unverbindlichen Kennenlerngespräch können wir euren schönsten Tag planen, ein kurzes Probeshooting machen und alle offenen Fragen klären und schauen, ob die Chemie zwischen uns stimmt.Gerne biete ich auch ein erstes online Kennenlerngespräch an. Mir ist wichtig, dass wir uns verstehen und ihr vertraut, denn euer einzigartiger Tag sollte in guten Händen sein!</p>



<p><strong>Meine Stundenpakete</strong></p>



<p>Als Fotograf biete ich verschiedene Pakete für eure Hochzeit an. Angefangen beim Paarshooting bis hin zur Ganztagesbegleitung ist alles dabei. Natürlich kann ich auch besondere Wünsche berücksichtigen und euch ein individuelles Pauschalangebot machen.</p>



<ul class="wp-block-list">
<li>Persönliche Beratung + Kurzes Probeshooting (z.B. beim Kennenlerngespräch) * Paarshooting</li>



<li>Eventfotografie (An der Hochzeit werde ich das Geschehen stets unauffällig und diskret festhalten)</li>



<li>Bearbeitete Fotos, Retusche von allen Fotos (Belichtung, Farbe, Schärfe und Kontrast) * USB-Stick mit allen Fotos * Fotovertrag</li>
</ul>



<p></p>



<p></p>



<p></p>



<p></p>

<p>&#8222;Augenblicke und Emotionen machen meine Fotos zu etwas besonderem&#8220; — Christian Musse, Fotograf Einen besonderen Moment für die Ewigkeit festzuhalten und diesen zu veredeln ist eine ganz besondere Herausforderung der ich mich verschrieben habe. Mein Name ist Chris Musse ich bin 41 Jahre alt, ich lebe in Stuttgart und arbeite nebenberuflich aus Leidenschaft als Event &amp; Hochzeitsfotograf. Vom ersten Kontakt [&hellip;]</p>
